{"id":3,"date":"2025-04-05T15:10:54","date_gmt":"2025-04-05T18:10:54","guid":{"rendered":"https:\/\/anegocios.com.br\/aprovacao\/lysandre\/?page_id=3"},"modified":"2025-04-15T10:57:56","modified_gmt":"2025-04-15T13:57:56","slug":"politica-de-privacidade","status":"publish","type":"page","link":"https:\/\/anegocios.com.br\/aprovacao\/lysandre\/politica-de-privacidade\/","title":{"rendered":"Pol\u00edtica de privacidade"},"content":{"rendered":"\t\t<div data-elementor-type=\"wp-page\" data-elementor-id=\"3\" class=\"elementor elementor-3\" data-elementor-post-type=\"page\">\n\t\t\t\t<div class=\"elementor-element elementor-element-1c39bbc e-flex e-con-boxed e-con e-parent\" data-id=\"1c39bbc\" data-element_type=\"container\" data-e-type=\"container\" data-settings=\"{&quot;background_background&quot;:&quot;classic&quot;}\">\n\t\t\t\t\t<div class=\"e-con-inner\">\n\t\t\t\t<div class=\"elementor-element elementor-element-0a57d9f elementor-align-center elementor-widget elementor-widget-breadcrumbs\" data-id=\"0a57d9f\" data-element_type=\"widget\" data-e-type=\"widget\" data-widget_type=\"breadcrumbs.default\">\n\t\t\t\t<div class=\"elementor-widget-container\">\n\t\t\t\t\t<p id=\"breadcrumbs\"><span><span><a href=\"https:\/\/anegocios.com.br\/aprovacao\/lysandre\/\">In\u00edcio<\/a><\/span><\/span><\/p>\t\t\t\t<\/div>\n\t\t\t\t<\/div>\n\t\t\t\t\t<\/div>\n\t\t\t\t<\/div>\n\t\t<div class=\"elementor-element elementor-element-bbe28b5 e-flex e-con-boxed e-con e-parent\" data-id=\"bbe28b5\" data-element_type=\"container\" data-e-type=\"container\">\n\t\t\t\t\t<div class=\"e-con-inner\">\n\t\t\t\t<div class=\"elementor-element elementor-element-e34771f elementor-widget elementor-widget-text-editor\" data-id=\"e34771f\" data-element_type=\"widget\" data-e-type=\"widget\" data-widget_type=\"text-editor.default\">\n\t\t\t\t<div class=\"elementor-widget-container\">\n\t\t\t\t\t\t\t\t\t<p><strong>Quais informa\u00e7\u00f5es suas ser\u00e3o coletadas em nosso site?<\/strong><br>Ao realizar uma compra em nosso site pela primeira vez, ser\u00e1 necess\u00e1rio o fornecimento de algumas informa\u00e7\u00f5es suas, que ficar\u00e3o guardadas temporariamente em nosso servidor de dados, at\u00e9 que possamos processar a compra e o envio de seus produtos.<br>Ap\u00f3s o envio de sua encomenda, as informa\u00e7\u00f5es financeiras ser\u00e3o automaticamente eliminadas do nosso sistema, s\u00f3 permanecendo seus dados cadastrais.<\/p>\n<p><strong>Como seus dados ser\u00e3o utilizados pela Lysandre?<\/strong><br>Todas as informa\u00e7\u00f5es coletadas durante o processo de compra no site Lysandre ser\u00e3o utilizadas para que a sua encomenda chegue at\u00e9 voc\u00ea no menor prazo de tempo poss\u00edvel e com o m\u00e1ximo de seguran\u00e7a. Tamb\u00e9m ser\u00e1 fornecida como op\u00e7\u00e3o default (j\u00e1 preenchida pelo sistema) a possibilidade de receber nossos e-mails promocionais.<br>Para n\u00e3o receber este tipo de correspond\u00eancia eletr\u00f4nica, o cliente dever\u00e1 desabilitar esta op\u00e7\u00e3o, clicando sobre o quadrado respectivo \u00e0 op\u00e7\u00e3o, no momento em que preencher o seu cadastro.<br>\u2022 Nome completo<br>\u2022 Pessoa F\u00edsica ou Jur\u00eddica<\/p>\n<p>Estes dados s\u00e3o essenciais para que o comprador seja identificado<br>\u2022 E-mail<br>\u2022 Identifica\u00e7\u00e3o<br>\u2022 Senha (voc\u00ea escolher\u00e1 no ato de se cadastrar)<\/p>\n<p>Dados para efetuar o cadastro no site, afim de obter mais seguran\u00e7a e garantir que apenas o cliente cadastrado efetue a compra.<br>\u2022 Endere\u00e7o de cobran\u00e7a<br>\u2022 CEP<br>\u2022 Cidade<br>\u2022 Estado<br>\u2022 Pa\u00eds<br>\u2022 Telefone Fixo (recomendado) ou Celular<\/p>\n<p>Todos os dados de endere\u00e7amento s\u00e3o utilizados apenas para que possamos enviar os produtos requisitados pelo cliente, ou a nota fiscal, em caso de presente para terceiros. Nenhuma correspond\u00eancia promocional ser\u00e1 enviada sem o consentimento do cliente.<br>\u2022 Operadora do Cart\u00e3o de Cr\u00e9dito (apenas quando a op\u00e7\u00e3o de pagamento for com cart\u00e3o)<br>\u2022 N\u00famero do Cart\u00e3o de Cr\u00e9dito (apenas quando a op\u00e7\u00e3o de pagamento for com cart\u00e3o)<br>\u2022 C\u00f3digo de Seguran\u00e7a do Cart\u00e3o de Cr\u00e9dito (apenas quando a op\u00e7\u00e3o de pagamento for com cart\u00e3o)<br>\u2022 Validade do cart\u00e3o (apenas quando a op\u00e7\u00e3o de pagamento for com cart\u00e3o)<br>As informa\u00e7\u00f5es do cart\u00e3o de cr\u00e9dito s\u00e3o necess\u00e1rias para o faturamento do pedido, apenas quando o cliente for efetuar o pagamento com o seu cart\u00e3o de cr\u00e9dito!<br>No caso de envio de sua compra para terceiros:<br>\u2022 Nome completo da pessoa que receber\u00e1 a encomenda<br>\u2022 Endere\u00e7o de entrega<br>\u2022 Bairro de entrega<br>\u2022 CEP de entrega<br>\u2022 Cidade de entrega<br>\u2022 Estado de entrega<br>\u2022 Pa\u00eds de entrega<br>O preenchimento destes dados somente ser\u00e1 necess\u00e1rio para os casos em que o comprador n\u00e3o seja o destinat\u00e1rio da encomenda. Assim, todas as informa\u00e7\u00f5es aqui requisitadas ser\u00e3o apenas utilizadas para que o pedido possa ser entregue no menor prazo poss\u00edvel.<\/p>\n<p><strong>Minhas informa\u00e7\u00f5es ser\u00e3o partilhadas com terceiros?<\/strong><br>A Lysandre n\u00e3o partilha, aluga, vende ou empresta o seu banco de dados para nenhuma outra empresa, institui\u00e7\u00e3o ou associa\u00e7\u00e3o, nem mesmo para a pr\u00f3pria empresa.<br>As \u00fanicas pessoas que ter\u00e3o acesso aos seus dados, mesmo que por poucos momentos, ser\u00e3o aquelas envolvidas no processo de prepara\u00e7\u00e3o e envio dos produtos requisitados. Confira abaixo quais dados seus dever\u00e3o ser compartilhados com terceiros, em que momento e por qual raz\u00e3o, assim como os dados que n\u00e3o s\u00e3o compartilhados.<br>Nome e Endere\u00e7o \u2013 Sua identifica\u00e7\u00e3o e localiza\u00e7\u00e3o dever\u00e3o constar no pacote com os produtos que lhe ser\u00e3o enviados quando realizar uma compra. Assim sendo, a empresa respons\u00e1vel pela entrega de seu pedido, poder\u00e1 ter acesso a esta informa\u00e7\u00e3o como forma, apenas, de cumprir o seu servi\u00e7o.<br>N\u00famero do cart\u00e3o de cr\u00e9dito, data de validade e c\u00f3digo de seguran\u00e7a \u2013 Informa\u00e7\u00f5es como esta, de tamanha import\u00e2ncia, s\u00e3o tratadas sob os mais rigorosos padr\u00f5es de seguran\u00e7a. Os seus dados de cart\u00e3o de cr\u00e9dito, quando feita a op\u00e7\u00e3o por este tipo de pagamento, ser\u00e3o utilizados apenas para a realiza\u00e7\u00e3o de transa\u00e7\u00e3o eletr\u00f4nica, entre a Lysandre e a sua administradora de cart\u00e3o de cr\u00e9dito. As informa\u00e7\u00f5es digitadas (n\u00famero, validade e c\u00f3digo de seguran\u00e7a) s\u00e3o criptografadas e enviadas para a administradora do cart\u00e3o. Ap\u00f3s confirmado o pagamento e o envio da encomenda, esses dados s\u00e3o apagados de nosso sistema.<br>Dados banc\u00e1rios \u2013 No seu cadastro de compra realizado no site Lysandre n\u00e3o ser\u00e1 necess\u00e1rio fornecer nenhuma de suas informa\u00e7\u00f5es banc\u00e1rias, com exce\u00e7\u00e3o dos casos necess\u00e1rios para realiza\u00e7\u00e3o de devolu\u00e7\u00e3o de mercadorias e estorno de valores pagos.<br>Para realizar o pagamento de seu pedido utilizando Boleto Banc\u00e1rio ou Dep\u00f3sito\/transfer\u00eancia Bradesco voc\u00ea ser\u00e1 direcionado para a p\u00e1gina do site correspondente ao banco escolhido ou do boleto. Assim, em nenhum momento a Lysandre ter\u00e1 acesso aos seus dados banc\u00e1rios ou sua senha, nem os arquivar\u00e1 em seu site.<\/p>\n<p><strong>Como um cliente pode ter acesso \u00e0s suas informa\u00e7\u00f5es, mantidas no site Lysandre?<\/strong><br><strong>\u00c9 poss\u00edvel apagar ou alterar essas informa\u00e7\u00f5es?<\/strong><br>Para ter acesso aos seus dados ou realizar a altera\u00e7\u00e3o em seu cadastro, basta clicar no \u00edcone \u201cMinha Conta\u201d, localizado no topo da tela.<br>Depois insira sua identifica\u00e7\u00e3o e sua senha. Voc\u00ea ser\u00e1 remetido para o menu da Central de Cliente. Nesta tela voc\u00ea ter\u00e1 as seguintes op\u00e7\u00f5es:<br>Dados Cadastrais: Nesta op\u00e7\u00e3o voc\u00ea pode alterar todas as informa\u00e7\u00f5es referentes ao seu cadastro pessoal (identifica\u00e7\u00e3o, senha, e-mail e prefer\u00eancias). Altere os que julgar necess\u00e1rio e clique em \u201cContinuar\u201d. Voc\u00ea voltar\u00e1 para a tela inicial da \u00e1rea \u201cMinha Conta\u201d. Suas altera\u00e7\u00f5es estar\u00e3o automaticamente salvas. Acompanhe seu pedido: voc\u00ea poder\u00e1 saber sobre o andamento e o hist\u00f3rico de seus pedidos. E-mail de Novidades: voc\u00ea poder\u00e1 selecionar as \u00e1reas de seu interesse para receber, semanalmente, um E-mail com todas as novidades da Lysandre. Escolha os assuntos referentes ao qual voc\u00ea gostaria de receber os principais lan\u00e7amentos. Clique em \u201cContinuar\u201d. Voc\u00ea voltar\u00e1 para a tela inicial da \u00e1rea \u201cMinha Conta\u201d. Suas altera\u00e7\u00f5es estar\u00e3o automaticamente salvas. Encerrar Sess\u00e3o: Encerra sua sess\u00e3o com a Central do Cliente, fazendo com que voc\u00ea tenha que se identificar novamente caso queira atualizar seus dados ou finalizar uma compra.<\/p>\n<p><strong>Qual o instrumento utilizado pela Lysandre para garantir a seguran\u00e7a de seus dados?<\/strong><br>A Lysandre coloca \u00e0 disposi\u00e7\u00e3o de seus clientes o mais moderno sistema de seguran\u00e7a de codifica\u00e7\u00e3o para transa\u00e7\u00f5es na internet. Isso torna nosso site um ponto seguro na rede mundial de computadores, com valida\u00e7\u00e3o do selo Thawte (uma das principais empresas de seguran\u00e7a na Internet do mundo), para que voc\u00ea n\u00e3o precise se preocupar com a seguran\u00e7a do fornecimento de seus dados quando estiver comprando conosco.<br>Em termos menos t\u00e9cnicos, isso significa que quando voc\u00ea acessa o nosso site, as informa\u00e7\u00f5es passadas pela Internet s\u00f3 ser\u00e3o reconhecidas pelo nosso servidor, garantindo assim o sigilo de todos os seus dados.<br>A cada acesso seu ao nosso site, uma nova chave de encripta\u00e7\u00e3o \u00e9 criada entre o seu computador, e a Lysandre, impossibilitando assim que outras pessoas interceptem a transa\u00e7\u00e3o atrav\u00e9s de programas de computador. Sendo assim, quando voc\u00ea envia os seus dados, essas informa\u00e7\u00f5es s\u00e3o transformadas em s\u00edmbolos (criptografia) que s\u00f3 s\u00e3o decodificados pelo nosso servidor autorizado e certificado pela Thawte.<br>Al\u00e9m disso tudo, nosso sistema tamb\u00e9m trabalha com um firewall que impede a entrada de usu\u00e1rios n\u00e3o autorizados. Voc\u00ea ter\u00e1 certeza de que est\u00e1 em uma \u00e1rea segura sempre que aparecer um cadeado no margem inferior da sua tela. Por causa desse sistema de seguran\u00e7a, o processamento de informa\u00e7\u00f5es poder\u00e1 apresentar problemas caso voc\u00ea esteja utilizando um navegador antigo, o que em termos de inform\u00e1tica pode representar pouqu\u00edssimos anos ou at\u00e9 meses. Na pr\u00e1tica isso quer dizer que voc\u00ea poder\u00e1 visualizar p\u00e1ginas, mas, pela pr\u00f3pria seguran\u00e7a de seus dados, n\u00e3o conseguir\u00e1 efetuar a compra devido a impossibilidade de obter uma conex\u00e3o segura com o nosso servidor.<br>Nossa recomenda\u00e7\u00e3o \u00e9 a manuten\u00e7\u00e3o de vers\u00f5es mais atuais de browsers, que podem ser conseguidos gratuitamente na internet. Navegadores como o Internet Explorer 4.x e Netscape 4.x, ou anteriores, possuem vers\u00f5es antigas de identifica\u00e7\u00e3o do certificado digital da Verisign, impossibilitando assim a encripta\u00e7\u00e3o dos seus dados e, portanto a viabilidade da compra.<br>Outra recomenda\u00e7\u00e3o importante \u00e9 a de sempre adotar senhas com caracteres alfanum\u00e9ricos (misturando n\u00fameros e letras).<\/p>\n<p><strong>O que s\u00e3o cookies? Como a Lysandre os utiliza?<\/strong><br>No momento em que voc\u00ea iniciar o processo de compra no site Lysandre, n\u00f3s criaremos uma identifica\u00e7\u00e3o do seu computador em nosso sistema. Este processo \u00e9 denominado de \u201cenvio de cookie\u201d. O cookie nada mais \u00e9 do que um arquivo padr\u00e3o, utilizado genericamente pelos sites de e-commerce, que se instala em seu computador para possibilitar o correto andamento ao seu processo de compra. Esse arquivo n\u00e3o interfere em nada no funcionamento de seu computador.<br>Hoje em dia, todas as lojas virtuais trabalham com este sistema e o modelo de \u201ccookie\u201d adotado pela Lysandre \u00e9 considerado um dos mais simples e menos invasivo de todo o mercado. Caso venhamos a alterar algum dispositivo na utiliza\u00e7\u00e3o desta ferramenta, nossos usu\u00e1rios ser\u00e3o avisados dessa mudan\u00e7a.<\/p>\n<p><strong>Existe algum passo da transa\u00e7\u00e3o de compra, realizado fora do site Lysandre?<\/strong><br>Sim. Caso a op\u00e7\u00e3o de pagamento do cliente seja a gera\u00e7\u00e3o de um Boleto Banc\u00e1rio, Deposito\/Transfer\u00eancia Bradesco, do pedido ser\u00e1 dada a possibilidade de gerar o Boleto Banc\u00e1rio ou realizar o pagamento atrav\u00e9s de D\u00e9bito autom\u00e1tico, no entanto, estas tr\u00eas opera\u00e7\u00f5es ser\u00e3o realizadas fora do site Lysandre. Ao aceitar a possibilidade de gerar o boleto banc\u00e1rio Bradesco, o cliente ser\u00e1 direcionado para a p\u00e1gina geradora do boleto. Para a gera\u00e7\u00e3o de Boleto Banc\u00e1rio Bradesco n\u00e3o \u00e9 necess\u00e1rio ser cliente deste Banco.<br>\u00c9 importante ressaltar que a Lysandre n\u00e3o ter\u00e1 acesso, em nenhum desses casos, a nenhuma informa\u00e7\u00e3o fornecida pelo cliente fora do nosso site.<\/p>\n<p><strong>Como posso reportar alguma falha ou d\u00favida sobre a Pol\u00edtica de Privacidade e Seguran\u00e7a da Lysandre?<\/strong><br>Se ao navegar em nosso site voc\u00ea perceber algum tipo de falha, ou mesmo se voc\u00ea tiver alguma d\u00favida sobre nossos procedimentos quanto a Pol\u00edtica de Privacidade e Seguran\u00e7a, sinta-se livre para entrar em contato conosco atrav\u00e9s do e-mail vendas@varejo.lysandre.com.br<br>Nossa equipe de Tecnologia e Informa\u00e7\u00e3o ter\u00e1 muito prazer em lhe responder.<\/p>\n<p><strong>Qual a refer\u00eancia legal adotada pela Lysandre para redigir sua Pol\u00edtica de Privacidade e Seguran\u00e7a?<\/strong><br>Nossa Pol\u00edtica de Privacidade e Seguran\u00e7a \u00e9 amparada no C\u00f3digo de Defesa do Consumidor, principal lei que rege os direitos dos consumidores no Brasil, bem como \u00e9 validada por nosso Departamento Jur\u00eddico.<\/p>\n<p>Em caso de alguma diverg\u00eancia sobre nossa Pol\u00edtica de Privacidade e Seguran\u00e7a, ou reclama\u00e7\u00f5es sobre os servi\u00e7os prestados pela Lysandre, sinta-se livre para entrar em contato conosco ou procurar alguma das entidades defensoras dos direitos dos consumidores, listadas abaixo:<\/p>\n<p>Idec (Instituto de Defesa do Consumidor)<br>\u2022 Atendimento telef\u00f4nico<br>(0xx11) 3874.2151 para associados<br>(0xx11) 3874.2152 para n\u00e3o-associados<br><\/p>\n<p>Procon (Funda\u00e7\u00e3o de Prote\u00e7\u00e3o e Defesa do Consumidor):<br>\u2022 Atendimento telef\u00f4nico<br>(0xx11) 1512<br>\u2022 Atendimento por carta<br>Caixa Postal 3050 \u2013 CEP 01061-970<br>\u2022 Atendimento eletr\u00f4nico<br>http:\/\/www.procon.sp.gov.br\/pagina1.htm<\/p>\n<p><strong>An\u00e1lise de Dados Cadastrais:<\/strong><br>Todos os pedidos efetuados no site www.lysandre.com.br est\u00e3o sujeitos \u00e0 an\u00e1lise e aprova\u00e7\u00e3o de dados cadastrais para garantir a seguran\u00e7a da sua compra. Em algumas situa\u00e7\u00f5es, voc\u00ea poder\u00e1 receber um e-mail ou telefonema solicitando a confirma\u00e7\u00e3o de alguns dados, como n\u00famero do CPF, RG, endere\u00e7o, etc. Poder\u00e1 ser solicitado tamb\u00e9m o envio por fax de c\u00f3pias de documentos. Este procedimento, que ser\u00e1 esclarecido quando do contato, visa \u00fanica e exclusivamente confirmar a identidade do comprador e evitar qualquer tipo de dano ou preju\u00edzo aos nossos clientes. Tal procedimento, quando necess\u00e1rio, aumenta em at\u00e9 48 horas \u00fateis o prazo de postagem e entrega. \u00c9 importante ressaltar que seus dados s\u00e3o confidenciais e que n\u00e3o ser\u00e3o compartilhados, vendidos ou informados para terceiros.<\/p>\t\t\t\t\t\t\t\t<\/div>\n\t\t\t\t<\/div>\n\t\t\t\t\t<\/div>\n\t\t\t\t<\/div>\n\t\t\t\t<\/div>\n\t\t","protected":false},"excerpt":{"rendered":"<p>Quais informa\u00e7\u00f5es suas ser\u00e3o coletadas em nosso site?Ao realizar uma compra em nosso site pela primeira vez, ser\u00e1 necess\u00e1rio o fornecimento de algumas informa\u00e7\u00f5es suas, que ficar\u00e3o guardadas temporariamente em nosso servidor de dados, at\u00e9 que possamos processar a compra e o envio de seus produtos.Ap\u00f3s o envio de sua encomenda, as informa\u00e7\u00f5es financeiras ser\u00e3o [&hellip;]<\/p>\n","protected":false},"author":1,"featured_media":0,"parent":0,"menu_order":0,"comment_status":"closed","ping_status":"open","template":"","meta":{"_acf_changed":false,"footnotes":""},"class_list":["post-3","page","type-page","status-publish","hentry"],"acf":[],"yoast_head":"<!-- This site is optimized with the Yoast SEO plugin v27.5 - https:\/\/yoast.com\/product\/yoast-seo-wordpress\/ -->\n<title>Pol\u00edtica de privacidade - Lysandre Modas<\/title>\n<meta name=\"robots\" content=\"noindex, follow, max-snippet:-1, max-image-preview:large, max-video-preview:-1\" \/>\n<meta property=\"og:locale\" content=\"pt_BR\" \/>\n<meta property=\"og:type\" content=\"article\" \/>\n<meta property=\"og:title\" content=\"Pol\u00edtica de privacidade - Lysandre Modas\" \/>\n<meta property=\"og:description\" content=\"Quais informa\u00e7\u00f5es suas ser\u00e3o coletadas em nosso site?Ao realizar uma compra em nosso site pela primeira vez, ser\u00e1 necess\u00e1rio o fornecimento de algumas informa\u00e7\u00f5es suas, que ficar\u00e3o guardadas temporariamente em nosso servidor de dados, at\u00e9 que possamos processar a compra e o envio de seus produtos.Ap\u00f3s o envio de sua encomenda, as informa\u00e7\u00f5es financeiras ser\u00e3o [&hellip;]\" \/>\n<meta property=\"og:url\" content=\"https:\/\/anegocios.com.br\/aprovacao\/lysandre\/politica-de-privacidade\/\" \/>\n<meta property=\"og:site_name\" content=\"Lysandre Modas\" \/>\n<meta property=\"article:modified_time\" content=\"2025-04-15T13:57:56+00:00\" \/>\n<meta name=\"twitter:card\" content=\"summary_large_image\" \/>\n<meta name=\"twitter:label1\" content=\"Est. tempo de leitura\" \/>\n\t<meta name=\"twitter:data1\" content=\"11 minutos\" \/>\n<script type=\"application\/ld+json\" class=\"yoast-schema-graph\">{\"@context\":\"https:\\\/\\\/schema.org\",\"@graph\":[{\"@type\":\"WebPage\",\"@id\":\"https:\\\/\\\/anegocios.com.br\\\/aprovacao\\\/lysandre\\\/politica-de-privacidade\\\/\",\"url\":\"https:\\\/\\\/anegocios.com.br\\\/aprovacao\\\/lysandre\\\/politica-de-privacidade\\\/\",\"name\":\"Pol\u00edtica de privacidade - Lysandre Modas\",\"isPartOf\":{\"@id\":\"https:\\\/\\\/anegocios.com.br\\\/aprovacao\\\/lysandre\\\/#website\"},\"datePublished\":\"2025-04-05T18:10:54+00:00\",\"dateModified\":\"2025-04-15T13:57:56+00:00\",\"breadcrumb\":{\"@id\":\"https:\\\/\\\/anegocios.com.br\\\/aprovacao\\\/lysandre\\\/politica-de-privacidade\\\/#breadcrumb\"},\"inLanguage\":\"pt-BR\",\"potentialAction\":[{\"@type\":\"ReadAction\",\"target\":[\"https:\\\/\\\/anegocios.com.br\\\/aprovacao\\\/lysandre\\\/politica-de-privacidade\\\/\"]}]},{\"@type\":\"BreadcrumbList\",\"@id\":\"https:\\\/\\\/anegocios.com.br\\\/aprovacao\\\/lysandre\\\/politica-de-privacidade\\\/#breadcrumb\",\"itemListElement\":[{\"@type\":\"ListItem\",\"position\":1,\"name\":\"In\u00edcio\",\"item\":\"https:\\\/\\\/anegocios.com.br\\\/aprovacao\\\/lysandre\\\/\"},{\"@type\":\"ListItem\",\"position\":2,\"name\":\"Pol\u00edtica de privacidade\"}]},{\"@type\":\"WebSite\",\"@id\":\"https:\\\/\\\/anegocios.com.br\\\/aprovacao\\\/lysandre\\\/#website\",\"url\":\"https:\\\/\\\/anegocios.com.br\\\/aprovacao\\\/lysandre\\\/\",\"name\":\"Lysandre Modas\",\"description\":\"\",\"potentialAction\":[{\"@type\":\"SearchAction\",\"target\":{\"@type\":\"EntryPoint\",\"urlTemplate\":\"https:\\\/\\\/anegocios.com.br\\\/aprovacao\\\/lysandre\\\/?s={search_term_string}\"},\"query-input\":{\"@type\":\"PropertyValueSpecification\",\"valueRequired\":true,\"valueName\":\"search_term_string\"}}],\"inLanguage\":\"pt-BR\"}]}<\/script>\n<!-- \/ Yoast SEO plugin. -->","yoast_head_json":{"title":"Pol\u00edtica de privacidade - Lysandre Modas","robots":{"index":"noindex","follow":"follow","max-snippet":"max-snippet:-1","max-image-preview":"max-image-preview:large","max-video-preview":"max-video-preview:-1"},"og_locale":"pt_BR","og_type":"article","og_title":"Pol\u00edtica de privacidade - Lysandre Modas","og_description":"Quais informa\u00e7\u00f5es suas ser\u00e3o coletadas em nosso site?Ao realizar uma compra em nosso site pela primeira vez, ser\u00e1 necess\u00e1rio o fornecimento de algumas informa\u00e7\u00f5es suas, que ficar\u00e3o guardadas temporariamente em nosso servidor de dados, at\u00e9 que possamos processar a compra e o envio de seus produtos.Ap\u00f3s o envio de sua encomenda, as informa\u00e7\u00f5es financeiras ser\u00e3o [&hellip;]","og_url":"https:\/\/anegocios.com.br\/aprovacao\/lysandre\/politica-de-privacidade\/","og_site_name":"Lysandre Modas","article_modified_time":"2025-04-15T13:57:56+00:00","twitter_card":"summary_large_image","twitter_misc":{"Est. tempo de leitura":"11 minutos"},"schema":{"@context":"https:\/\/schema.org","@graph":[{"@type":"WebPage","@id":"https:\/\/anegocios.com.br\/aprovacao\/lysandre\/politica-de-privacidade\/","url":"https:\/\/anegocios.com.br\/aprovacao\/lysandre\/politica-de-privacidade\/","name":"Pol\u00edtica de privacidade - Lysandre Modas","isPartOf":{"@id":"https:\/\/anegocios.com.br\/aprovacao\/lysandre\/#website"},"datePublished":"2025-04-05T18:10:54+00:00","dateModified":"2025-04-15T13:57:56+00:00","breadcrumb":{"@id":"https:\/\/anegocios.com.br\/aprovacao\/lysandre\/politica-de-privacidade\/#breadcrumb"},"inLanguage":"pt-BR","potentialAction":[{"@type":"ReadAction","target":["https:\/\/anegocios.com.br\/aprovacao\/lysandre\/politica-de-privacidade\/"]}]},{"@type":"BreadcrumbList","@id":"https:\/\/anegocios.com.br\/aprovacao\/lysandre\/politica-de-privacidade\/#breadcrumb","itemListElement":[{"@type":"ListItem","position":1,"name":"In\u00edcio","item":"https:\/\/anegocios.com.br\/aprovacao\/lysandre\/"},{"@type":"ListItem","position":2,"name":"Pol\u00edtica de privacidade"}]},{"@type":"WebSite","@id":"https:\/\/anegocios.com.br\/aprovacao\/lysandre\/#website","url":"https:\/\/anegocios.com.br\/aprovacao\/lysandre\/","name":"Lysandre Modas","description":"","potentialAction":[{"@type":"SearchAction","target":{"@type":"EntryPoint","urlTemplate":"https:\/\/anegocios.com.br\/aprovacao\/lysandre\/?s={search_term_string}"},"query-input":{"@type":"PropertyValueSpecification","valueRequired":true,"valueName":"search_term_string"}}],"inLanguage":"pt-BR"}]}},"_links":{"self":[{"href":"https:\/\/anegocios.com.br\/aprovacao\/lysandre\/wp-json\/wp\/v2\/pages\/3","targetHints":{"allow":["GET"]}}],"collection":[{"href":"https:\/\/anegocios.com.br\/aprovacao\/lysandre\/wp-json\/wp\/v2\/pages"}],"about":[{"href":"https:\/\/anegocios.com.br\/aprovacao\/lysandre\/wp-json\/wp\/v2\/types\/page"}],"author":[{"embeddable":true,"href":"https:\/\/anegocios.com.br\/aprovacao\/lysandre\/wp-json\/wp\/v2\/users\/1"}],"replies":[{"embeddable":true,"href":"https:\/\/anegocios.com.br\/aprovacao\/lysandre\/wp-json\/wp\/v2\/comments?post=3"}],"version-history":[{"count":6,"href":"https:\/\/anegocios.com.br\/aprovacao\/lysandre\/wp-json\/wp\/v2\/pages\/3\/revisions"}],"predecessor-version":[{"id":6147,"href":"https:\/\/anegocios.com.br\/aprovacao\/lysandre\/wp-json\/wp\/v2\/pages\/3\/revisions\/6147"}],"wp:attachment":[{"href":"https:\/\/anegocios.com.br\/aprovacao\/lysandre\/wp-json\/wp\/v2\/media?parent=3"}],"curies":[{"name":"wp","href":"https:\/\/api.w.org\/{rel}","templated":true}]}}