{"id":6138,"date":"2025-04-15T10:42:37","date_gmt":"2025-04-15T13:42:37","guid":{"rendered":"https:\/\/anegocios.com.br\/aprovacao\/lysandre\/?page_id=6138"},"modified":"2025-04-15T10:43:35","modified_gmt":"2025-04-15T13:43:35","slug":"politica-de-seguranca","status":"publish","type":"page","link":"https:\/\/anegocios.com.br\/aprovacao\/lysandre\/politica-de-seguranca\/","title":{"rendered":"Pol\u00edtica de Seguran\u00e7a"},"content":{"rendered":"\t\t<div data-elementor-type=\"wp-page\" data-elementor-id=\"6138\" class=\"elementor elementor-6138\" data-elementor-post-type=\"page\">\n\t\t\t\t<div class=\"elementor-element elementor-element-08fb580 e-flex e-con-boxed e-con e-parent\" data-id=\"08fb580\" data-element_type=\"container\" data-e-type=\"container\" data-settings=\"{&quot;background_background&quot;:&quot;classic&quot;}\">\n\t\t\t\t\t<div class=\"e-con-inner\">\n\t\t\t\t<div class=\"elementor-element elementor-element-169539c elementor-align-center elementor-widget elementor-widget-breadcrumbs\" data-id=\"169539c\" data-element_type=\"widget\" data-e-type=\"widget\" data-widget_type=\"breadcrumbs.default\">\n\t\t\t\t<div class=\"elementor-widget-container\">\n\t\t\t\t\t<p id=\"breadcrumbs\"><span><span><a href=\"https:\/\/anegocios.com.br\/aprovacao\/lysandre\/\">In\u00edcio<\/a><\/span><\/span><\/p>\t\t\t\t<\/div>\n\t\t\t\t<\/div>\n\t\t\t\t\t<\/div>\n\t\t\t\t<\/div>\n\t\t<div class=\"elementor-element elementor-element-b2da3a0 e-flex e-con-boxed e-con e-parent\" data-id=\"b2da3a0\" data-element_type=\"container\" data-e-type=\"container\">\n\t\t\t\t\t<div class=\"e-con-inner\">\n\t\t\t\t<div class=\"elementor-element elementor-element-2aed3a7 elementor-widget elementor-widget-text-editor\" data-id=\"2aed3a7\" data-element_type=\"widget\" data-e-type=\"widget\" data-widget_type=\"text-editor.default\">\n\t\t\t\t<div class=\"elementor-widget-container\">\n\t\t\t\t\t\t\t\t\t<p>Todos os pedidos conclu\u00eddos na lysandre.com.br s\u00e3o processados pela Lysandre e os produtos partem do Centro Log\u00edstico.<\/p><p><strong>Ambiente Seguro<\/strong><br \/>As opera\u00e7\u00f5es de compra na lysandre.com.br, independentemente da forma de pagamento escolhida, s\u00e3o processadas em ambiente do PagSeguro, uma empresa UOL. Todas as informa\u00e7\u00f5es fornecidas no processo de compra s\u00e3o processadas pelo PagSeguro.<\/p><p><strong>Identifica\u00e7\u00e3o e Senha<\/strong><br \/>Para facilitar suas futuras compras utilizamos um sistema de identifica\u00e7\u00e3o. Assim, na pr\u00f3xima compra voc\u00ea n\u00e3o precisa preencher o cadastro novamente. Os dados cadastrais, ou seja, nome, CPF, sexo, telefone, CEP e endere\u00e7o ficam armazenados em Servidores Locaweb. O objetivo de armazenar esses dados cadastrais \u00e9 unicamente agilizar seu processo de compra. N\u00fameros de cart\u00f5es de cr\u00e9dito e outras informa\u00e7\u00f5es sobre pagamento n\u00e3o s\u00e3o armazenadas em nossos sistemas.<\/p><p>O processo de identifica\u00e7\u00e3o e senha \u00e9 opcional. Al\u00e9m disso, se esquecer sua senha, voc\u00ea poder\u00e1 solicitar nova senha e ela ser\u00e1 enviada automaticamente para o e-mail cadastrado em nosso sistema.<\/p><p>Para solucionar eventuais d\u00favidas em rela\u00e7\u00e3o a esta pol\u00edtica entre em contato com nosso SAC \u2013 Servi\u00e7o de Atendimento ao Cliente, atrav\u00e9s do telefone (11) 2629-3202 de segunda \u00e0 quinta-feira das 8hs \u00e0s 18hs, sexta-feira das 8hs \u00e0s 17hs ou atrav\u00e9s do e-mail\u00a0<a href=\"mailto:vendas@varejo.lysandre.com.br\">vendas@lysandre.com.br<\/a>.<\/p>\t\t\t\t\t\t\t\t<\/div>\n\t\t\t\t<\/div>\n\t\t\t\t\t<\/div>\n\t\t\t\t<\/div>\n\t\t\t\t<\/div>\n\t\t","protected":false},"excerpt":{"rendered":"<p>Todos os pedidos conclu\u00eddos na lysandre.com.br s\u00e3o processados pela Lysandre e os produtos partem do Centro Log\u00edstico. Ambiente SeguroAs opera\u00e7\u00f5es de compra na lysandre.com.br, independentemente da forma de pagamento escolhida, s\u00e3o processadas em ambiente do PagSeguro, uma empresa UOL. Todas as informa\u00e7\u00f5es fornecidas no processo de compra s\u00e3o processadas pelo PagSeguro. Identifica\u00e7\u00e3o e SenhaPara facilitar [&hellip;]<\/p>\n","protected":false},"author":1,"featured_media":0,"parent":0,"menu_order":0,"comment_status":"closed","ping_status":"closed","template":"","meta":{"_acf_changed":false,"footnotes":""},"class_list":["post-6138","page","type-page","status-publish","hentry"],"acf":[],"yoast_head":"<!-- This site is optimized with the Yoast SEO plugin v27.5 - https:\/\/yoast.com\/product\/yoast-seo-wordpress\/ -->\n<title>Pol\u00edtica de Seguran\u00e7a - Lysandre Modas<\/title>\n<meta name=\"robots\" content=\"noindex, follow, max-snippet:-1, max-image-preview:large, max-video-preview:-1\" \/>\n<meta property=\"og:locale\" content=\"pt_BR\" \/>\n<meta property=\"og:type\" content=\"article\" \/>\n<meta property=\"og:title\" content=\"Pol\u00edtica de Seguran\u00e7a - Lysandre Modas\" \/>\n<meta property=\"og:description\" content=\"Todos os pedidos conclu\u00eddos na lysandre.com.br s\u00e3o processados pela Lysandre e os produtos partem do Centro Log\u00edstico. Ambiente SeguroAs opera\u00e7\u00f5es de compra na lysandre.com.br, independentemente da forma de pagamento escolhida, s\u00e3o processadas em ambiente do PagSeguro, uma empresa UOL. Todas as informa\u00e7\u00f5es fornecidas no processo de compra s\u00e3o processadas pelo PagSeguro. Identifica\u00e7\u00e3o e SenhaPara facilitar [&hellip;]\" \/>\n<meta property=\"og:url\" content=\"https:\/\/anegocios.com.br\/aprovacao\/lysandre\/politica-de-seguranca\/\" \/>\n<meta property=\"og:site_name\" content=\"Lysandre Modas\" \/>\n<meta property=\"article:modified_time\" content=\"2025-04-15T13:43:35+00:00\" \/>\n<meta name=\"twitter:card\" content=\"summary_large_image\" \/>\n<meta name=\"twitter:label1\" content=\"Est. tempo de leitura\" \/>\n\t<meta name=\"twitter:data1\" content=\"2 minutos\" \/>\n<script type=\"application\/ld+json\" class=\"yoast-schema-graph\">{\"@context\":\"https:\\\/\\\/schema.org\",\"@graph\":[{\"@type\":\"WebPage\",\"@id\":\"https:\\\/\\\/anegocios.com.br\\\/aprovacao\\\/lysandre\\\/politica-de-seguranca\\\/\",\"url\":\"https:\\\/\\\/anegocios.com.br\\\/aprovacao\\\/lysandre\\\/politica-de-seguranca\\\/\",\"name\":\"Pol\u00edtica de Seguran\u00e7a - Lysandre Modas\",\"isPartOf\":{\"@id\":\"https:\\\/\\\/anegocios.com.br\\\/aprovacao\\\/lysandre\\\/#website\"},\"datePublished\":\"2025-04-15T13:42:37+00:00\",\"dateModified\":\"2025-04-15T13:43:35+00:00\",\"breadcrumb\":{\"@id\":\"https:\\\/\\\/anegocios.com.br\\\/aprovacao\\\/lysandre\\\/politica-de-seguranca\\\/#breadcrumb\"},\"inLanguage\":\"pt-BR\",\"potentialAction\":[{\"@type\":\"ReadAction\",\"target\":[\"https:\\\/\\\/anegocios.com.br\\\/aprovacao\\\/lysandre\\\/politica-de-seguranca\\\/\"]}]},{\"@type\":\"BreadcrumbList\",\"@id\":\"https:\\\/\\\/anegocios.com.br\\\/aprovacao\\\/lysandre\\\/politica-de-seguranca\\\/#breadcrumb\",\"itemListElement\":[{\"@type\":\"ListItem\",\"position\":1,\"name\":\"In\u00edcio\",\"item\":\"https:\\\/\\\/anegocios.com.br\\\/aprovacao\\\/lysandre\\\/\"},{\"@type\":\"ListItem\",\"position\":2,\"name\":\"Pol\u00edtica de Seguran\u00e7a\"}]},{\"@type\":\"WebSite\",\"@id\":\"https:\\\/\\\/anegocios.com.br\\\/aprovacao\\\/lysandre\\\/#website\",\"url\":\"https:\\\/\\\/anegocios.com.br\\\/aprovacao\\\/lysandre\\\/\",\"name\":\"Lysandre Modas\",\"description\":\"\",\"potentialAction\":[{\"@type\":\"SearchAction\",\"target\":{\"@type\":\"EntryPoint\",\"urlTemplate\":\"https:\\\/\\\/anegocios.com.br\\\/aprovacao\\\/lysandre\\\/?s={search_term_string}\"},\"query-input\":{\"@type\":\"PropertyValueSpecification\",\"valueRequired\":true,\"valueName\":\"search_term_string\"}}],\"inLanguage\":\"pt-BR\"}]}<\/script>\n<!-- \/ Yoast SEO plugin. -->","yoast_head_json":{"title":"Pol\u00edtica de Seguran\u00e7a - Lysandre Modas","robots":{"index":"noindex","follow":"follow","max-snippet":"max-snippet:-1","max-image-preview":"max-image-preview:large","max-video-preview":"max-video-preview:-1"},"og_locale":"pt_BR","og_type":"article","og_title":"Pol\u00edtica de Seguran\u00e7a - Lysandre Modas","og_description":"Todos os pedidos conclu\u00eddos na lysandre.com.br s\u00e3o processados pela Lysandre e os produtos partem do Centro Log\u00edstico. Ambiente SeguroAs opera\u00e7\u00f5es de compra na lysandre.com.br, independentemente da forma de pagamento escolhida, s\u00e3o processadas em ambiente do PagSeguro, uma empresa UOL. Todas as informa\u00e7\u00f5es fornecidas no processo de compra s\u00e3o processadas pelo PagSeguro. Identifica\u00e7\u00e3o e SenhaPara facilitar [&hellip;]","og_url":"https:\/\/anegocios.com.br\/aprovacao\/lysandre\/politica-de-seguranca\/","og_site_name":"Lysandre Modas","article_modified_time":"2025-04-15T13:43:35+00:00","twitter_card":"summary_large_image","twitter_misc":{"Est. tempo de leitura":"2 minutos"},"schema":{"@context":"https:\/\/schema.org","@graph":[{"@type":"WebPage","@id":"https:\/\/anegocios.com.br\/aprovacao\/lysandre\/politica-de-seguranca\/","url":"https:\/\/anegocios.com.br\/aprovacao\/lysandre\/politica-de-seguranca\/","name":"Pol\u00edtica de Seguran\u00e7a - Lysandre Modas","isPartOf":{"@id":"https:\/\/anegocios.com.br\/aprovacao\/lysandre\/#website"},"datePublished":"2025-04-15T13:42:37+00:00","dateModified":"2025-04-15T13:43:35+00:00","breadcrumb":{"@id":"https:\/\/anegocios.com.br\/aprovacao\/lysandre\/politica-de-seguranca\/#breadcrumb"},"inLanguage":"pt-BR","potentialAction":[{"@type":"ReadAction","target":["https:\/\/anegocios.com.br\/aprovacao\/lysandre\/politica-de-seguranca\/"]}]},{"@type":"BreadcrumbList","@id":"https:\/\/anegocios.com.br\/aprovacao\/lysandre\/politica-de-seguranca\/#breadcrumb","itemListElement":[{"@type":"ListItem","position":1,"name":"In\u00edcio","item":"https:\/\/anegocios.com.br\/aprovacao\/lysandre\/"},{"@type":"ListItem","position":2,"name":"Pol\u00edtica de Seguran\u00e7a"}]},{"@type":"WebSite","@id":"https:\/\/anegocios.com.br\/aprovacao\/lysandre\/#website","url":"https:\/\/anegocios.com.br\/aprovacao\/lysandre\/","name":"Lysandre Modas","description":"","potentialAction":[{"@type":"SearchAction","target":{"@type":"EntryPoint","urlTemplate":"https:\/\/anegocios.com.br\/aprovacao\/lysandre\/?s={search_term_string}"},"query-input":{"@type":"PropertyValueSpecification","valueRequired":true,"valueName":"search_term_string"}}],"inLanguage":"pt-BR"}]}},"_links":{"self":[{"href":"https:\/\/anegocios.com.br\/aprovacao\/lysandre\/wp-json\/wp\/v2\/pages\/6138","targetHints":{"allow":["GET"]}}],"collection":[{"href":"https:\/\/anegocios.com.br\/aprovacao\/lysandre\/wp-json\/wp\/v2\/pages"}],"about":[{"href":"https:\/\/anegocios.com.br\/aprovacao\/lysandre\/wp-json\/wp\/v2\/types\/page"}],"author":[{"embeddable":true,"href":"https:\/\/anegocios.com.br\/aprovacao\/lysandre\/wp-json\/wp\/v2\/users\/1"}],"replies":[{"embeddable":true,"href":"https:\/\/anegocios.com.br\/aprovacao\/lysandre\/wp-json\/wp\/v2\/comments?post=6138"}],"version-history":[{"count":4,"href":"https:\/\/anegocios.com.br\/aprovacao\/lysandre\/wp-json\/wp\/v2\/pages\/6138\/revisions"}],"predecessor-version":[{"id":6142,"href":"https:\/\/anegocios.com.br\/aprovacao\/lysandre\/wp-json\/wp\/v2\/pages\/6138\/revisions\/6142"}],"wp:attachment":[{"href":"https:\/\/anegocios.com.br\/aprovacao\/lysandre\/wp-json\/wp\/v2\/media?parent=6138"}],"curies":[{"name":"wp","href":"https:\/\/api.w.org\/{rel}","templated":true}]}}